 q(n) = n**2 + 3*n - 6. Let z be q(-5). Suppose 0 = -5*h + z*u + 150, 4*u - 175 = -5*h + 3*u. Let s = 2 + 64. Calculate the remainder when s is divided by h.
32
Let z = 24 + 79. What is the remainder when z is divided by 3/(651/910 - (-6)/(-10))?
25
Suppose k + 3*r - 305 + 24 = 0, k + 2*r - 279 = 0. What is the remainder when k is divided by 69?
68
Suppose -2*w + 2*c + 100 = 0, 4*w - 5*c - 200 = -8*c. Suppose -5*m = 4*p - 48 - 36, 3*m - w = -2*p. Calculate the remainder when 62 is divided by m.
14
Suppose 0 = 4*x - 160 + 36. Let b(j) = j**2 + 4*j + 6. Let y be 300/(-24) + (6/(-4))/3. Calculate the remainder when b(y) is divided by x.
30
Let h(g) = 2*g. Let s be h(-4). Let m = 29 - 19. Calculate the remainder when (-184)/(-10) + s/20 is divided by m.
8
Let y = 47 - 43. Calculate the remainder when 73 is divided by (-2)/y*-5*6.
13
Suppose 2*s + 53 - 21 = 2*u, u = -2*s + 13. Let t = 0 + -7. Let z = 2 - t. Calculate the remainder when u is divided by z.
6
Suppose 47*d = 52*d - 55. What is the remainder when d is divided by 4?
3
Let p be 19/5 + 5/25. Suppose -11 = 3*a - p*a. Let m(i) = i**3 + i**2 - 2*i + 2. What is the remainder when m(3) is divided by a?
10
Let p = -11 - -14. Let d be (-440)/30*3/(-2). Suppose -t = -4*b - 17 + 42, -2*t + d = 4*b. What is the remainder when b is divided by p?
0
Let x = 116 + -105. Calculate the remainder when 43 is divided by x.
10
Calculate the remainder when 59 is divided by 3*(88/12 - 2).
11
Suppose -4*p + 28 = 4*g, 0*p + 2*p = -3*g + 22. Let d = -221 - -105. Calculate the remainder when g is divided by 8/(-10) + d/(-20).
3
Let q(a) = -a**2 + 9*a + 14. Let k = -17 - -18. What is the remainder when k/(-4) - 183/(-12) is divided by q(10)?
3
Suppose 0 = 8*o - 388 - 292. Calculate the remainder when o is divided by 11.
8
Let t be ((-9)/(-2))/(3/30). Suppose -t - 30 = -5*r. Let g(k) = -k**2 - 8*k + 2. What is the remainder when r is divided by g(-7)?
6
Let l(j) = j**2 - 2*j - 3. Let w be l(-2). Suppose -2*n - w*a + 44 = 0, n - 10 = -a + 6. Let x = 14 + 9. What is the remainder when x is divided by n?
11
Suppose 57 = -3*s + 144. Suppose 0 = -2*c - 3*v + 1, c + 12 = -0*c - 4*v. What is the remainder when 6/12*s*2 is divided by c?
5
Suppose 4*d + 3*l - 170 = -37, 0 = 3*l + 3. Calculate the remainder when 169 is divided by d.
33
Suppose -3*h + 6*h = -4*w + 1244, 2*w + 5*h = 622. Calculate the remainder when w is divided by 40.
31
Suppose 5*s + 0*s - 445 = 4*c, -2*s + 2*c + 180 = 0. What is the remainder when 28 is divided by -2*1*s/(-10)?
11
Suppose -6*f - 319 = -17*f. What is the remainder when f is divided by 11?
7
Let y = 192 - 164. What is the remainder when y is divided by 10?
8
Let r(d) = -d**3 + 3*d**2 + 10*d + 2. Let k be r(5). Suppose y = f - 74, 2*f + 3*y - 160 = 2*y. What is the remainder when f is divided by 41/k + (-9)/18?
18
Let a = 6 + 3. Let p be 116/(-12) - 3/a. Let n = 18 + p. Calculate the remainder when 23 is divided by n.
7
Let y(m) = -m**3 - 14*m**2 - 52*m - 16. Calculate the remainder when 310 is divided by y(-5).
6
Suppose 8*s = 10495 - 3231. Calculate the remainder when s is divided by 91.
89
Suppose 5*i - 494 + 129 = 0. What is the remainder when 289 is divided by i?
70
Suppose 8*j - 4*j - 76 = 0. Let s = 31 - j. Suppose -7*d + s*d = 250. What is the remainder when d is divided by 13?
11
Suppose -4*i - 577 + 617 = 0. What is the remainder when 103 is divided by i?
3
Let z(r) = -r**2 - 15*r + 4. Let c be z(-13). Let g = -25 + c. What is the remainder when g is divided by 4?
1
Suppose 0 = -9*r + 6*r + 57. Suppose 5 = -7*a + 6*a. Calculate the remainder when (2/(-8))/(a/1460) is divided by r.
16
Suppose -10 = i - 12. Let p(w) = 2*w**i - w + 2*w - w**2. Calculate the remainder when 2 is divided by p(-2).
0
Let v = -43 - -71. Suppose i - 74 = -v. Calculate the remainder when i is divided by 16.
14
Let t(l) = -3*l - 22. Let i be t(-9). Suppose -2*p + 0*p = -2. Suppose i*d + p = 21. What is the remainder when d is divided by 2?
0
Let y = 2 - -2. Let q = 120 + -108. What is the remainder when (-94)/q*-2 + (-4)/6 is divided by y?
3
Let p(y) = -16*y - 7. Let s be p(-8). Suppose -5*r + 24 = -s. What is the remainder when r is divided by 16?
13
Let g(a) = -a**2 + 11*a - 5. Let q be g(10). Suppose 4*w + q*w = 72. Calculate the remainder when 23 is divided by w.
7
Suppose w + w + 3*c = 2006, 3*c + 994 = w. What is the remainder when 142 is divided by w/28 + ((-6)/(-7))/3?
34
Let l = -8 + 13. Suppose 0 = 3*g - 4*a + 3, 2*g + 5*a = -2*g - 4. What is the remainder when ((-26)/(-78))/(g/(-39)) is divided by l?
3
Suppose -2*j = 4*q - 42, 12*j - 7*j - q - 72 = 0. Calculate the remainder when j is divided by 3.
0
Let j = -6 - -9. Suppose 0 = j*h - 12. What is the remainder when (-3)/3 + (-2 - -15) is divided by h?
0
Let b(u) = -u**3 - 4*u**2 + 10*u + 9. Suppose -4*a - p = 6 + 17, -2*a - 8 = 4*p. What is the remainder when 81 is divided by b(a)?
18
Suppose 12950 = 24*p + 2510. Calculate the remainder when p is divided by 19.
17
Let o(n) = 2*n**2 - 4*n + 7. Let q be 2*(-10)/12*-3. What is the remainder when o(q) is divided by (-9)/(2 + -5) + 17?
17
Suppose -4*d + 27 = k, 198 = 4*k + 3*d - 5*d. Let n = k + -23. What is the remainder when n is divided by 13?
11
Let k be (0 - -6)*(-5 - (-133)/21). Suppose k*f - 764 = 812. What is the remainder when f is divided by 40?
37
Let y(r) = -r**3 - 13*r**2 - 12*r + 6. Let a = -7 + -5. Let k be y(a). Suppose 2*o = k*o - 48. Calculate the remainder when 44 is divided by o.
8
Suppose -f + 3*b + 36 = 0, 4*f - 8*f + 5*b = -172. Calculate the remainder when 187 is divided by f.
43
Let g(j) = -j**3 + 28*j**2 - 50*j + 19. Calculate the remainder when g(26) is divided by 33.
5
Let x = 73 + -63. Suppose 3*f = x + 2, -2*a - 5*f + 230 = 0. What is the remainder when a is divided by 36?
33
Let v(x) = 3*x**3 - 4*x**2 + 5*x - 4. Let c be v(4). Let g = c + -70. Let w = -33 + g. What is the remainder when w is divided by 14?
13
Let d be ((-1)/3)/(4/(-24)). Suppose c + d*c = 0. Suppose 4*i = i + 3, c = -4*q - 5*i + 97. What is the remainder when 68 is divided by q?
22
Let d = -14 + 16. Suppose -4*i + 50 = -0*i + d*c, 0 = -3*i - 2*c + 38. Suppose 30 = 3*x - 3*h, -x - 2*h = 3 - 4. Calculate the remainder when i is divided by x.
5
Let t = -35 + 45. Let i be (-2)/((-12)/(-15))*-14. Suppose i = -4*v + 151. Calculate the remainder when v is divided by t.
9
Suppose -16*z = -97*z + 2511. What is the remainder when 109 is divided by z?
16
Suppose 48*j = 43*j - 10, 4*j + 443 = 3*c. What is the remainder when c is divided by 84?
61
Let o be -2*((-3)/3 - 0). Suppose o*p + 5*p = 511. What is the remainder when p is divided by -38*((-2)/(-4))/(-1)?
16
Suppose 4 = 2*l, -3*l = -3*n - 2*n + 254. Suppose -46*d + 72 = -42*d. Suppose -68*a = -67*a - d. What is the remainder when n is divided by a?
16
Suppose -2*a = 6, 3*d - 4*a - 535 = 62. Calculate the remainder when d is divided by 7.
6
Suppose 3*v + 0*j - 24 = 3*j, 0 = 3*j + 9. Let n = -72 - -72. Calculate the remainder when (450/3)/v + n is divided by 11.
8
Suppose j + 5*h - 9 + 4 = 0, j - 20 = -2*h. What is the remainder when 59 is divided by j?
29
Let c be (-5 + 85 + 2)*2. Let n = c - 151. Calculate the remainder when 102 is divided by n.
11
Let y(w) = 3 - 3 - 3 + 2*w - 4. Let g be y(5). Calculate the remainder when 9 is divided by 3/(-1) + g + 3.
0
Suppose -b = 5*b - 210. Suppose -26 = -2*g + 124. Suppose -4*a + g = -1. Calculate the remainder when b is divided by a.
16
Let z(k) = 2*k**2 - 6*k - 3. What is the remainder when z(8) is divided by 8?
5
Let q(j) = -j**2 + 25*j + 92. Calculate the remainder when 1183 is divided by q(28).
7
Suppose -14 = -5*j + 1. Let y(l) = -15*l + 1. Let k be y(-3). Suppose j*r - 32 - k = -3*f, 5*f - 4*r = 94. What is the remainder when f is divided by 6?
4
Calculate the remainder when 292/1 - (-7 - -4) is divided by 16.
7
Let g(l) = -6*l - 1. Suppose -3*u = 44 + 22. Let s = u - -20. What is the remainder when 41 is divided by g(s)?
8
Let o be 25*(-8)/60*-3. Suppose -2*l = -7*l + o. Suppose l = -4*i + 22. Calculate the remainder when 14 is divided by i.
4
Let q(j) = -2*j**3 - 13*j**2 - 7*j - 4. Let m be q(-6). Suppose k = 10 - m. What is the remainder when (-201)/(-9) - (-1)/(-3) is divided by k?
6
Let c(g) = 811*g - 14. What